(-8)/(-36). Calculate f(n).
30
Let j(k) = -2*k + 1. Let c(v) = -10*v + 3. Let n be c(-1). Suppose -u - 40 = 3*u. Let f = u + n. Determine j(f).
-5
Let u(b) = -43*b**3 + 9*b**2 - 48 + 45*b**3 - 16*b + 6*b**2 - 6*b**2. Give u(-5).
7
Let f(q) be the first derivative of q**4/4 - 4*q**3/3 + q**2 - 2*q - 5. Let c = -60 + 63. Suppose -c*y + 8 = -y. Calculate f(y).
6
Let t = 12 - 10. Let c(i) = 7 - 55*i**2 + t*i + 2 + 5*i + 56*i**2. Suppose -5*k - 3*z - 10 = -4*k, k - 2*z + 5 = 0. What is c(k)?
9
Let c(u) be the third derivative of u**6/120 - 53*u**5/60 + 17*u**4/8 + 43*u**3/6 - 3805*u**2. Calculate c(52).
-9
Let m(k) be the second derivative of -k**3/6 + 1432*k - 1. Calculate m(3).
-3
Let w(v) = -v**3 - 5*v**2 + 4*v - 8. Let r be 2/(-4) - 90/(-20). Suppose 4*a - 2*k - 22 = 0, -r*a - 14 = -7*a + 2*k. Let j be -8 + a + -1*6. What is w(j)?
4
Let m(u) = u**3 + 4*u**2 + 4*u + 4. Let a(o) be the first derivative of 17*o**2/2 + 30*o - 83. Let c be a(-2). Give m(c).
-12
Let m(g) = -3 + 7 - g + 5. Let r = 406 - 406. Suppose 21*a = -r*a. What is m(a)?
9
Let c(b) = b**3 + 12*b**2 - b. Suppose -4*z + 1240 = -2*f - 8*z, -3*f - 5*z = 1855. Let r = 598 + f. Calculate c(r).
12
Let z = 6549 - 785879/120. Let l(s) be the third derivative of -1/60*s**5 + 0 + 5*s**2 + 0*s**4 + 0*s - 5/6*s**3 + z*s**6. Determine l(0).
-5
Let s(f) = -5*f - 40. Let w(z) be the second derivative of -z**3/3 - 19*z**2/2 - 179*z. Let y(v) = -4*s(v) + 9*w(v). Give y(9).
7
Let j(k) = -5*k - 6. Let i(r) = r**2 + 28*r + 42. Let h be i(-20). Let c be h/14 + 3 + 15/35. What is j(c)?
19
Let c be 9/(-12) + -3 + 4/((-16)/5). Let x(b) = -6*b - 12. Calculate x(c).
18
Let m be (8 + -9 + 61)/2. Let l(u) = -52*u + 7*u + m*u. Determine l(-1).
15
Let i(u) be the third derivative of -u**7/5040 + u**6/40 + u**5/60 + 4*u**3/3 + 8*u**2 - 3. Let a(r) be the third derivative of i(r). Calculate a(0).
18
Let h = 273 - 267. Suppose 3*u = -g - h, 0 = -14*u + 11*u - 3*g. Let i(p) = -p**3 - p**2 + 3*p - 4. Determine i(u).
5
Let h(l) be the second derivative of l**8/6720 + l**7/280 + 7*l**6/720 - l**5/24 + 5*l**4 - 20*l + 2. Let m(t) be the third derivative of h(t). Determine m(-8).
3
Let z(b) = 36*b**3 - 5*b**2 + 143*b + 33. Let d(w) = -9*w**3 + w**2 - 34*w - 8. Let g(x) = 25*d(x) + 6*z(x). Give g(1).
-8
Let c = 4803 - 4802. Let g(k) be the third derivative of 7*k**6/30 - k**5/30 + k**4/24 - 2*k**2. What is g(c)?
27
Let a(l) be the first derivative of -l**2/2 - 113. Suppose -4*w + p + 62 = 0, -w - w + 24 = -4*p. Let i = -17 + w. Give a(i).
1
Let j be 6/((3 - -3) + -3). Suppose j*m = 2 + 2. Let k(q) = -15*q**2 - m*q - 4 + 16*q**2 + 5*q. Determine k(-3).
-4
Let p(t) = t. Suppose 0 = 26*r - 3*r - 115. Let x(j) = 4*j + 3. Let s(i) = r*p(i) - x(i). Determine s(-7).
-10
Suppose 2*b = -3*b + 30. Let u(j) be the first derivative of 5*j - 127 + 15*j**2 - 34*j**2 + 18*j**2. Calculate u(b).
-7
Let d = -1 + -1. Let y(h) = 91 - 45 - 25 + 2*h - 22. Give y(d).
-5
Let q = 12 - 5. Let s(p) = p - 6. Let h(l) = 6*l + 459 - 440 - 9*l. Let n(o) = q*s(o) + 2*h(o). What is n(3)?
-1
Let y(g) be the third derivative of -g**7/5040 + g**5/20 + 2*g**2. Let p(w) be the third derivative of y(w). Suppose -44 + 35 = 9*k. What is p(k)?
1
Let b(y) = 4*y. Let w = 1374 - 1377. Calculate b(w).
-12
Let j(a) be the first derivative of 3*a**2/2 - 4*a + 1. Let r(z) = -51*z + 63. Let v(g) = -36*g + 42. Let q(k) = 5*r(k) - 7*v(k). Let w be q(6). What is j(w)?
5
Let l(h) = -h**2 - 4*h + 15. Let x = -17 - -65. Let t = 42 - x. Calculate l(t).
3
Suppose 4*y + 4*j = 31 - 19, 14 = -2*y + 3*j. Let n(x) = -11*x**2 + 2. Determine n(y).
-9
Let b(g) be the first derivative of -g**5/60 - g**4/3 + 325*g**3/3 + 258. Let q(k) be the third derivative of b(k). Let h = -14 - -8. Determine q(h).
4
Let t(y) = 4*y**2 - 36*y - 9. Let k = 33574 - 33565. Determine t(k).
-9
Let w(y) = -y**3 + 17*y**2 - 17*y + 11. Suppose 179 = 14*s - 45. Let i be w(s). Let b(h) = h**3 + 6*h**2 + 3*h - 3. Calculate b(i).
7
Let l(a) be the second derivative of -a**4/12 - 5*a**3/2 + 23*a**2 + 1622*a. Calculate l(3).
-8
Let k(j) = j - 1. Let s(m) be the second derivative of -m**4/12 + 5*m**2/2 + 2*m. Suppose -13*n = -57*n - 44. Let u(b) = n*s(b) - k(b). Calculate u(4).
8
Let q(r) = r**3 - 7*r**2 + 4*r + 6. Suppose 53 = 3*o - 4*l + 31, -2*l + 10 = 2*o. Calculate q(o).
-6
Let d(j) = 7*j - 12 + 5 - 41. What is d(9)?
15
Let a(y) = -4*y**2 + 7 - 60 + 55 + 3*y**3 - 2*y. Determine a(-2).
-34
Let b(r) = -39*r**3 - 6*r**2 - 7*r + 4. Let t(m) = 44*m**3 + 6*m**2 + 7*m - 5. Let j(z) = 9*b(z) + 8*t(z). Determine j(7).
-4
Let b(d) = -354642*d**3 - d + 2*d + 354651*d**3 - 2 + d**2. Calculate b(1).
9
Let w(c) = -c**3 + 9*c**2 + c + 2. Let t be 1 - -2 - (-11 + 2 - -3). Give w(t).
11
Suppose -5*q = 4*d + 4, 4*q = -q - 3*d - 8. Let m(k) = -3*k**2 - 8*k + 18. Give m(q).
2
Let i(f) = f**2 - 9*f + 1. Suppose 40 = -4*c - 16. Let s = c + 57. Let q = s - 35. What is i(q)?
-7
Suppose -4 = 5*w - 3*w, -18 = 3*r + 3*w. Let s(o) = 14*o**2 + 112*o. Let y be s(-15). Let u(g) = 1 + y*g - 1 - 5 - 1473*g. Determine u(r).
7
Suppose -2*q + 2*u + 17 = 11, 13*q - 39 = -2*u. Let h(j) be the first derivative of 7 + 5*j**2 - 1/3*j**q - 6*j. Give h(5).
19
Suppose 9*l + 16*l - 8*l = 119. Let q(i) be the second derivative of i**5/20 - 2*i**4/3 + 3*i**3/2 - i**2/2 + i. Give q(l).
13
Let v = -877 + 872. Let s(m) = -2 - 2*m**2 + 3 + 3*m**2. Let r(a) = -4*a**2 - a - 5. Let g(n) = v*s(n) - r(n). Determine g(-2).
-6
Let j(p) = -4*p**2 + 73*p + 329. Let v(t) = -9*t**2 + 146*t + 644. Let g(m) = 5*j(m) - 2*v(m). What is g(41)?
-12
Let v(g) = -24*g**2 + 21 - 3*g**2 + 293*g**3 + 59*g - 294*g**3. Determine v(-29).
-8
Let u(r) = r**3 - 36*r**2 + 18*r - 653. Let z(o) = 2*o**2 + 49*o + 146. Let g be z(-22). What is u(g)?
-5
Let q(j) be the first derivative of -j**4/12 + 7*j**3/3 - 9*j**2/2 + 9*j + 200. Let u(x) be the second derivative of q(x). What is u(9)?
-4
Let i(f) = f**3 + 16*f**2 - f - 22. Let p(g) = -4*g**2 - 648*g - 16. Let w be p(-162). Calculate i(w).
-6
Let z(t) = -3*t + 2*t**3 - 6*t**2 + 4*t**2 - 2*t**2 - 11 + 8. Let d(g) = 105*g + 2943. Let r be d(-28). Give z(r).
6
Let l(v) = 1. Let d = 31 + -27. Let q(z) = -1 - 2*z - 7*z + d. Let f(j) = 2*l(j) - q(j). Calculate f(1).
8
Suppose 0*k + 1824 = 3*k. Let c(v) = 5*v + 306 - k + 311. What is c(-10)?
-41
Let i(p) = -p**3 - 8*p**2 - 10*p - 9. Let v = 1299 - 907. Let z = -398 + v. Determine i(z).
-21
Let r(h) = -66*h**2 - 158*h - 314. Let g(a) = -10*a**2 - 23*a - 45. Let p(z) = -20*g(z) + 3*r(z). Give p(9).
-6
Let p = -3 + 5. Let g be (3 - 1) + p/2. Let m(v) = 3*v**2 + 367 - 4*v**2 - 183 - 180. Give m(g).
-5
Let f(k) = -20*k - 30. Let s(o) = 7*o + 10. Let x(c) = -5*f(c) - 14*s(c). Let r(g) = g**2 - 483*g + 2383. Let y be r(5). Determine x(y).
-4
Let x(p) be the first derivative of -93 - p + 1/2*p**2. Give x(-8).
-9
Let x be (-1)/3 + (-556)/6. Let d be 1*-2*(7 - x/(-6)). Let f(n) = n - 24. What is f(d)?
-7
Let z(f) = 4*f + 9. Let m = -841 + 845. Let h(t) be the first derivative of -3*t**2/2 - 9*t - 2. Let g(j) = m*z(j) + 5*h(j). Calculate g(0).
-9
Let j(k) = -k**3 - 6*k**2 - 3*k - 8. Let l be 1/6*-2 - (-649)/(-177). Determine j(l).
-28
Let s(a) = 1 - a + 3*a + 6*a. Suppose -7*t = 5 + 16. Calculate s(t).
-23
Let a(m) be the first derivative of -132 - 7/2*m**2 - 7*m. Calculate a(-3).
14
Let n(d) = d**3 + 16*d**2 + 31*d + 6. Suppose 0 = 31*f - 187 + 621. Give n(f).
-36
Let u(b) = 19*b. Let q(j) = 39*j - 27. Let z(k) = -q(k) + 2*u(k). Calculate z(20).
7
Let z(a) = 2*a - 20. Suppose 5*l + 8*x - 27 = 5*x, 0 = 4*l + 4*x - 28. Suppose l*j - 1 = -46*w + 47*w, w - 5 = j. Determine z(w).
-4
Let v(a) = -20*a**2 + 12*a + 22. Let g(p) = 8*p**2 - 5*p - 9. Let c = 225 + -237. Let b(k) = c*g(k) - 5*v(k). Determine b(3).
34
Let c(k) be the second derivative of -5*k**3/3 - 2*k**2 - 7678*k. What is c(-10)?
96
Suppose -7*p = -115 - 235. Let r(m) = -48*m + 144*m - 19 - p*m - 45*m. What is r(18)?
-1
Let f(r) = 11*r + 343. Let w(x) = -8*x - 173. Let q(p) = -4*f(p) - 7*w(p). Determine q(14).
7
Let v(c) be the second derivative of c**5/20 + 11*c**4/12 - 2*c**3 - 4*c**2 - c. Suppose -153*t - 548 - 557 = 731. Calculate v(t).
-8
Let a(t) = -9*t**2 - t - 19. Let l(x) = -2*x**2 + 2*x - 1. Let f(n) = a(n) - 5*l(n). Let i be f(12). Let v(y)